{"id":2214,"date":"2025-11-12T16:34:37","date_gmt":"2025-11-12T14:34:37","guid":{"rendered":"https:\/\/casino-bk-site54.top\/?page_id=2214"},"modified":"2025-11-12T16:34:37","modified_gmt":"2025-11-12T14:34:37","slug":"haqqimizda","status":"publish","type":"page","link":"https:\/\/casino-bk-site54.top\/az\/haqqimizda\/","title":{"rendered":"Haqq\u0131m\u0131zda"},"content":{"rendered":"<h1>Haqq\u0131m\u0131zda<\/h1>\n<p data-start=\"251\" data-end=\"734\">Biz sad\u0259c\u0259 oyun platformas\u0131 yaratmaqdan daha \u00e7ox \u015fey yarad\u0131r\u0131q \u2014 texnologiyan\u0131n, etibarl\u0131l\u0131\u011f\u0131n v\u0259 \u0259yl\u0259nc\u0259nin vahid ekosistemd\u0259 birl\u0259\u015fdiyi bir m\u0259kan yarad\u0131r\u0131q. F\u0259ls\u0259f\u0259miz d\u00fcr\u00fcstl\u00fck, innovasiya v\u0259 h\u0259r bir istifad\u0259\u00e7iy\u0259 qay\u011f\u0131 \u00fcz\u0259rind\u0259 qurulub. 1xBet h\u0259y\u0259can\u0131n rahat, t\u0259hl\u00fck\u0259siz v\u0259 idar\u0259olunan \u0259yl\u0259nc\u0259y\u0259 \u00e7evrildiyi bir yerdir. Biz yaln\u0131z m\u0259rc oyunlar\u0131na v\u0259 ya kazinoya \u00e7\u0131x\u0131\u015f t\u0259min etm\u0259y\u0259 deyil, h\u0259m d\u0259 h\u0259r bir oyun\u00e7unun \u00f6z\u00fcn\u0259inaml\u0131, h\u00f6rm\u0259tli v\u0259 h\u0259qiq\u0259t\u0259n se\u00e7im etm\u0259kd\u0259 azad hiss etdiyi bir m\u00fchit yaratma\u011fa \u00e7al\u0131\u015f\u0131r\u0131q.<\/p>\n<h3 data-start=\"741\" data-end=\"772\">Bizi x\u00fcsusi ed\u0259n n\u0259dir<\/h3>\n<p data-start=\"774\" data-end=\"1152\">M\u00fcxt\u0259lif \u0259yl\u0259nc\u0259 formatlar\u0131n\u0131 birl\u0259\u015fdir\u0259n h\u0259rt\u0259r\u0259fli oyun d\u00fcnyas\u0131 t\u0259klif edirik. \u0130stifad\u0259\u00e7il\u0259r ehtiyac duyduqlar\u0131 h\u0259r \u015feyi tap\u0131rlar: idman m\u0259rc oyunlar\u0131, canl\u0131 m\u0259rc oyunlar\u0131, slotlar, virtual idman n\u00f6vl\u0259ri, canl\u0131 diler kazinolar\u0131, kiberidman t\u0259dbirl\u0259ri v\u0259 turnirl\u0259r. Platformada h\u0259r g\u00fcn minl\u0259rl\u0259 t\u0259dbir yenil\u0259nir v\u0259 \u0259msallar \u015f\u0259ffafl\u0131q v\u0259 real statistika \u0259sas\u0131nda hesablan\u0131r.<\/p>\n<p data-start=\"1154\" data-end=\"1497\">M\u0259qs\u0259dimiz oyunu h\u0259r k\u0259s \u00fc\u00e7\u00fcn \u0259l\u00e7atan etm\u0259kdir. Yeni ba\u015flayanlar sad\u0259 qeydiyyatdan, rahat m\u0259sl\u0259h\u0259tl\u0259rd\u0259n v\u0259 maarifl\u0259ndirici materiallardan z\u00f6vq al\u0131rlar. T\u0259cr\u00fcb\u0259li istifad\u0259\u00e7il\u0259r s\u00fcr\u0259ti, d\u0259qiq hesablamalar\u0131 v\u0259 m\u0259rc t\u0259hlili \u00fc\u00e7\u00fcn \u00e7evik se\u00e7iml\u0259ri y\u00fcks\u0259k qiym\u0259tl\u0259ndirirl\u0259r. Platforma h\u0259m ilk d\u0259f\u0259 m\u0259rc ed\u0259nl\u0259r, h\u0259m d\u0259 pe\u015f\u0259kar oyun\u00e7ular \u00fc\u00e7\u00fcn eyni d\u0259r\u0259c\u0259d\u0259 istifad\u0259\u00e7i dostudur.<\/p>\n<p data-start=\"1499\" data-end=\"1711\">Bundan \u0259lav\u0259, texniki sabitliy\u0259 x\u00fcsusi diqq\u0259t yetiririk. Serverl\u0259rimiz fasil\u0259l\u0259rd\u0259n qorunur v\u0259 alqoritml\u0259rimiz y\u00fcks\u0259k trafik \u00fc\u00e7\u00fcn optimalla\u015fd\u0131r\u0131l\u0131b v\u0259 pik y\u00fckl\u0259nm\u0259l\u0259r zaman\u0131 bel\u0259 fasil\u0259siz i\u015fl\u0259m\u0259yi t\u0259min edir.<\/p>\n<h3 data-start=\"1718\" data-end=\"1752\">Platformam\u0131z\u0131n \u00fcst\u00fcnl\u00fckl\u0259ri<\/h3>\n<p data-start=\"1754\" data-end=\"1915\">1xBet sad\u0259c\u0259 bir xidm\u0259td\u0259n daha \u00e7ox \u015feydir, h\u0259r \u015feyin son detallar\u0131na q\u0259d\u0259r d\u00fc\u015f\u00fcn\u00fcld\u00fcy\u00fc tam bir oyun ekosistemidir. Bizi dig\u0259r layih\u0259l\u0259rd\u0259n f\u0259rql\u0259ndir\u0259n \u00fcst\u00fcnl\u00fckl\u0259rin siyah\u0131s\u0131n\u0131 t\u0259rtib etdik:<\/p>\n<ul>\n<li>M\u00fcasir texnologiya v\u0259 s\u00fcr\u0259tli m\u0259rc emal\u0131<\/li>\n<li>Lisenziyal\u0131 provayderl\u0259r v\u0259 \u0259dal\u0259tli oyun mexanikas\u0131<\/li>\n<li>Tam mobil uy\u011funla\u015fma v\u0259 istifad\u0259\u00e7i dostu t\u0259tbiql\u0259r<\/li>\n<li>Real \u00fcst\u00fcnl\u00fckl\u0259ri olan \u015f\u0259ffaf bonus siyas\u0259ti<\/li>\n<li>M\u0259lumat t\u0259hl\u00fck\u0259sizliyi v\u0259 \u00f6d\u0259ni\u015f qorunmas\u0131<\/li>\n<li>Professional 24\/7 d\u0259st\u0259k<\/li>\n<li>M\u00fcdaxil\u0259y\u0259 deyil, rahatl\u0131\u011fa diqq\u0259t yetirin<\/li>\n<\/ul>\n<p data-start=\"2254\" data-end=\"2369\">Platforman\u0131n h\u0259r bir elementi oyun\u00e7ular\u0131n laz\u0131ms\u0131z riskl\u0259r v\u0259 m\u0259hdudiyy\u0259tl\u0259r olmadan prosesd\u0259n z\u00f6vq ala bilm\u0259l\u0259rini t\u0259min etm\u0259k \u00fc\u00e7\u00fcn haz\u0131rlanm\u0131\u015fd\u0131r.<\/p>\n<h3 data-start=\"2376\" data-end=\"2408\">M\u0259suliyy\u0259t v\u0259 inki\u015faf<\/h3>\n<p data-start=\"2741\" data-end=\"3027\">Bundan \u0259lav\u0259, komandam\u0131z layih\u0259ni f\u0259al \u015f\u0259kild\u0259 inki\u015faf etdirir. Yeni texnologiyalar t\u0259tbiq edirik, interfeysi t\u0259kmill\u0259\u015fdiririk, cavab m\u00fcdd\u0259tl\u0259rini art\u0131r\u0131r v\u0259 xidm\u0259ti qlobal trendl\u0259r\u0259 uy\u011funla\u015fd\u0131r\u0131r\u0131q. \u0130stifad\u0259\u00e7i r\u0259yl\u0259ri il\u0259 i\u015fl\u0259m\u0259k biz\u0259 t\u0259kmill\u0259\u015fdirm\u0259y\u0259 v\u0259 h\u0259qiq\u0259t\u0259n faydal\u0131 x\u00fcsusiyy\u0259tl\u0259ri t\u0259klif etm\u0259y\u0259 k\u00f6m\u0259k edir.<\/p>\n<p data-start=\"3029\" data-end=\"3244\">1xBet \u0259dal\u0259tli qumar bazar\u0131n\u0131n inki\u015faf\u0131na v\u0259 platformalar v\u0259 oyun\u00e7ular aras\u0131nda etimad\u0131 art\u0131rma\u011fa y\u00f6n\u0259lmi\u015f t\u0259\u015f\u0259bb\u00fcsl\u0259ri d\u0259st\u0259kl\u0259yir. Biz a\u00e7\u0131q \u00fcnsiyy\u0259ti, etik reklam\u0131 v\u0259 \u015f\u0259ffaf \u015f\u0259rtl\u0259ri m\u00fcdafi\u0259 edirik.<\/p>\n<h3 data-start=\"3251\" data-end=\"3281\">F\u0259ls\u0259f\u0259miz v\u0259 G\u0259l\u0259c\u0259yimiz<\/h3>\n<p data-start=\"3283\" data-end=\"3545\">Biz inan\u0131r\u0131q ki, oyunlar yaln\u0131z dinamik deyil, h\u0259m d\u0259 a\u011f\u0131ll\u0131 olmal\u0131d\u0131r. H\u0259r bir oyun\u00e7u bir f\u0259rdiyy\u0259tdir, statistika deyil. Buna g\u00f6r\u0259 d\u0259, istifad\u0259\u00e7il\u0259rin vaxtlar\u0131n\u0131n, diqq\u0259tl\u0259rinin v\u0259 t\u0259hl\u00fck\u0259sizliyinin h\u0259qiq\u0259t\u0259n d\u0259y\u0259rl\u0259ndirildiyini hiss etdikl\u0259ri bir m\u00fchit yarad\u0131r\u0131q.<\/p>\n<p data-start=\"3547\" data-end=\"3807\">1xBet-in g\u0259l\u0259c\u0259yi a\u011f\u0131ll\u0131 f\u0259rdil\u0259\u015fdirm\u0259 sisteml\u0259rinin, \u00e7evik bonus proqramlar\u0131n\u0131n v\u0259 oyunlar\u0131 daha c\u0259lbedici v\u0259 t\u0259hl\u00fck\u0259siz ed\u0259n unikal h\u0259ll\u0259rin inki\u015faf\u0131ndad\u0131r. Biz yaln\u0131z s\u0259naye lideri deyil, h\u0259m d\u0259 keyfiyy\u0259t v\u0259 d\u00fcr\u00fcstl\u00fck standartlar\u0131n\u0131 m\u00fc\u0259yy\u0259n ed\u0259n bir marka olma\u011fa \u00e7al\u0131\u015f\u0131r\u0131q.<\/p>\n<p data-start=\"3809\" data-end=\"3970\">H\u0259y\u0259can\u0131n m\u0259hv etm\u0259diyi, \u0259ksin\u0259 ilham verdiyi bir platforma qururuq. H\u0259r bir m\u0259rcin \u015f\u00fcurlu bir se\u00e7im oldu\u011fu. Oyunun as\u0131l\u0131l\u0131q deyil, a\u011f\u0131lla idar\u0259 olunan bir emosiya oldu\u011fu bir platformad\u0131r.<\/p>\n","protected":false},"excerpt":{"rendered":"<p>Haqq\u0131m\u0131zda Biz sad\u0259c\u0259 oyun platformas\u0131 yaratmaqdan daha \u00e7ox \u015fey yarad\u0131r\u0131q \u2014 texnologiyan\u0131n, etibarl\u0131l\u0131\u011f\u0131n v\u0259 \u0259yl\u0259nc\u0259nin vahid ekosistemd\u0259 birl\u0259\u015fdiyi bir m\u0259kan yarad\u0131r\u0131q. F\u0259ls\u0259f\u0259miz d\u00fcr\u00fcstl\u00fck, innovasiya v\u0259 h\u0259r bir istifad\u0259\u00e7iy\u0259 qay\u011f\u0131 \u00fcz\u0259rind\u0259 qurulub. 1xBet h\u0259y\u0259can\u0131n rahat, t\u0259hl\u00fck\u0259siz v\u0259 idar\u0259olunan \u0259yl\u0259nc\u0259y\u0259 \u00e7evrildiyi bir yerdir. Biz yaln\u0131z m\u0259rc oyunlar\u0131na v\u0259 ya kazinoya \u00e7\u0131x\u0131\u015f t\u0259min etm\u0259y\u0259 deyil, h\u0259m d\u0259 h\u0259r [&hellip;]<\/p>\n","protected":false},"author":1,"featured_media":0,"parent":0,"menu_order":0,"comment_status":"closed","ping_status":"closed","template":"","meta":{"_acf_changed":false,"footnotes":""},"class_list":["post-2214","page","type-page","status-publish","hentry"],"acf":[],"yoast_head":"<!-- This site is optimized with the Yoast SEO plugin v26.9 - https:\/\/yoast.com\/product\/yoast-seo-wordpress\/ -->\n<title>Haqq\u0131m\u0131zda | 1xbet<\/title>\n<meta name=\"robots\" content=\"index, follow, max-snippet:-1, max-image-preview:large, max-video-preview:-1\" \/>\n<link rel=\"canonical\" href=\"https:\/\/casino-bk-site54.top\/az\/haqqimizda\/\" \/>\n<meta property=\"og:locale\" content=\"ru_RU\" \/>\n<meta property=\"og:type\" content=\"article\" \/>\n<meta property=\"og:title\" content=\"Haqq\u0131m\u0131zda | 1xbet\" \/>\n<meta property=\"og:description\" content=\"Haqq\u0131m\u0131zda Biz sad\u0259c\u0259 oyun platformas\u0131 yaratmaqdan daha \u00e7ox \u015fey yarad\u0131r\u0131q \u2014 texnologiyan\u0131n, etibarl\u0131l\u0131\u011f\u0131n v\u0259 \u0259yl\u0259nc\u0259nin vahid ekosistemd\u0259 birl\u0259\u015fdiyi bir m\u0259kan yarad\u0131r\u0131q. F\u0259ls\u0259f\u0259miz d\u00fcr\u00fcstl\u00fck, innovasiya v\u0259 h\u0259r bir istifad\u0259\u00e7iy\u0259 qay\u011f\u0131 \u00fcz\u0259rind\u0259 qurulub. 1xBet h\u0259y\u0259can\u0131n rahat, t\u0259hl\u00fck\u0259siz v\u0259 idar\u0259olunan \u0259yl\u0259nc\u0259y\u0259 \u00e7evrildiyi bir yerdir. Biz yaln\u0131z m\u0259rc oyunlar\u0131na v\u0259 ya kazinoya \u00e7\u0131x\u0131\u015f t\u0259min etm\u0259y\u0259 deyil, h\u0259m d\u0259 h\u0259r [&hellip;]\" \/>\n<meta property=\"og:url\" content=\"https:\/\/casino-bk-site54.top\/az\/haqqimizda\/\" \/>\n<meta property=\"og:site_name\" content=\"casino-bk-site54.top\" \/>\n<meta name=\"twitter:card\" content=\"summary_large_image\" \/>\n<meta name=\"twitter:label1\" content=\"\u041f\u0440\u0438\u043c\u0435\u0440\u043d\u043e\u0435 \u0432\u0440\u0435\u043c\u044f \u0434\u043b\u044f \u0447\u0442\u0435\u043d\u0438\u044f\" \/>\n\t<meta name=\"twitter:data1\" content=\"3 \u043c\u0438\u043d\u0443\u0442\u044b\" \/>\n<script type=\"application\/ld+json\" class=\"yoast-schema-graph\">{\"@context\":\"https:\/\/schema.org\",\"@graph\":[{\"@type\":\"WebPage\",\"@id\":\"https:\/\/casino-bk-site54.top\/az\/haqqimizda\/\",\"url\":\"https:\/\/casino-bk-site54.top\/az\/haqqimizda\/\",\"name\":\"Haqq\u0131m\u0131zda | 1xbet\",\"isPartOf\":{\"@id\":\"https:\/\/casino-bk-site54.top\/#website\"},\"datePublished\":\"2025-11-12T14:34:37+00:00\",\"breadcrumb\":{\"@id\":\"https:\/\/casino-bk-site54.top\/az\/haqqimizda\/#breadcrumb\"},\"inLanguage\":\"ru-RU\",\"potentialAction\":[{\"@type\":\"ReadAction\",\"target\":[\"https:\/\/casino-bk-site54.top\/az\/haqqimizda\/\"]}]},{\"@type\":\"BreadcrumbList\",\"@id\":\"https:\/\/casino-bk-site54.top\/az\/haqqimizda\/#breadcrumb\",\"itemListElement\":[{\"@type\":\"ListItem\",\"position\":1,\"name\":\"\u0413\u043b\u0430\u0432\u043d\u0430\u044f \u0441\u0442\u0440\u0430\u043d\u0438\u0446\u0430\",\"item\":\"https:\/\/casino-bk-site54.top\/\"},{\"@type\":\"ListItem\",\"position\":2,\"name\":\"Haqq\u0131m\u0131zda\"}]},{\"@type\":\"WebSite\",\"@id\":\"https:\/\/casino-bk-site54.top\/#website\",\"url\":\"https:\/\/casino-bk-site54.top\/\",\"name\":\"casino-bk-site54.top\",\"description\":\"\",\"potentialAction\":[{\"@type\":\"SearchAction\",\"target\":{\"@type\":\"EntryPoint\",\"urlTemplate\":\"https:\/\/casino-bk-site54.top\/?s={search_term_string}\"},\"query-input\":{\"@type\":\"PropertyValueSpecification\",\"valueRequired\":true,\"valueName\":\"search_term_string\"}}],\"inLanguage\":\"ru-RU\"}]}<\/script>\n<!-- \/ Yoast SEO plugin. -->","yoast_head_json":{"title":"Haqq\u0131m\u0131zda | 1xbet","robots":{"index":"index","follow":"follow","max-snippet":"max-snippet:-1","max-image-preview":"max-image-preview:large","max-video-preview":"max-video-preview:-1"},"canonical":"https:\/\/casino-bk-site54.top\/az\/haqqimizda\/","og_locale":"ru_RU","og_type":"article","og_title":"Haqq\u0131m\u0131zda | 1xbet","og_description":"Haqq\u0131m\u0131zda Biz sad\u0259c\u0259 oyun platformas\u0131 yaratmaqdan daha \u00e7ox \u015fey yarad\u0131r\u0131q \u2014 texnologiyan\u0131n, etibarl\u0131l\u0131\u011f\u0131n v\u0259 \u0259yl\u0259nc\u0259nin vahid ekosistemd\u0259 birl\u0259\u015fdiyi bir m\u0259kan yarad\u0131r\u0131q. F\u0259ls\u0259f\u0259miz d\u00fcr\u00fcstl\u00fck, innovasiya v\u0259 h\u0259r bir istifad\u0259\u00e7iy\u0259 qay\u011f\u0131 \u00fcz\u0259rind\u0259 qurulub. 1xBet h\u0259y\u0259can\u0131n rahat, t\u0259hl\u00fck\u0259siz v\u0259 idar\u0259olunan \u0259yl\u0259nc\u0259y\u0259 \u00e7evrildiyi bir yerdir. Biz yaln\u0131z m\u0259rc oyunlar\u0131na v\u0259 ya kazinoya \u00e7\u0131x\u0131\u015f t\u0259min etm\u0259y\u0259 deyil, h\u0259m d\u0259 h\u0259r [&hellip;]","og_url":"https:\/\/casino-bk-site54.top\/az\/haqqimizda\/","og_site_name":"casino-bk-site54.top","twitter_card":"summary_large_image","twitter_misc":{"\u041f\u0440\u0438\u043c\u0435\u0440\u043d\u043e\u0435 \u0432\u0440\u0435\u043c\u044f \u0434\u043b\u044f \u0447\u0442\u0435\u043d\u0438\u044f":"3 \u043c\u0438\u043d\u0443\u0442\u044b"},"schema":{"@context":"https:\/\/schema.org","@graph":[{"@type":"WebPage","@id":"https:\/\/casino-bk-site54.top\/az\/haqqimizda\/","url":"https:\/\/casino-bk-site54.top\/az\/haqqimizda\/","name":"Haqq\u0131m\u0131zda | 1xbet","isPartOf":{"@id":"https:\/\/casino-bk-site54.top\/#website"},"datePublished":"2025-11-12T14:34:37+00:00","breadcrumb":{"@id":"https:\/\/casino-bk-site54.top\/az\/haqqimizda\/#breadcrumb"},"inLanguage":"ru-RU","potentialAction":[{"@type":"ReadAction","target":["https:\/\/casino-bk-site54.top\/az\/haqqimizda\/"]}]},{"@type":"BreadcrumbList","@id":"https:\/\/casino-bk-site54.top\/az\/haqqimizda\/#breadcrumb","itemListElement":[{"@type":"ListItem","position":1,"name":"\u0413\u043b\u0430\u0432\u043d\u0430\u044f \u0441\u0442\u0440\u0430\u043d\u0438\u0446\u0430","item":"https:\/\/casino-bk-site54.top\/"},{"@type":"ListItem","position":2,"name":"Haqq\u0131m\u0131zda"}]},{"@type":"WebSite","@id":"https:\/\/casino-bk-site54.top\/#website","url":"https:\/\/casino-bk-site54.top\/","name":"casino-bk-site54.top","description":"","potentialAction":[{"@type":"SearchAction","target":{"@type":"EntryPoint","urlTemplate":"https:\/\/casino-bk-site54.top\/?s={search_term_string}"},"query-input":{"@type":"PropertyValueSpecification","valueRequired":true,"valueName":"search_term_string"}}],"inLanguage":"ru-RU"}]}},"amp_enabled":true,"_links":{"self":[{"href":"https:\/\/casino-bk-site54.top\/wp-json\/wp\/v2\/pages\/2214","targetHints":{"allow":["GET"]}}],"collection":[{"href":"https:\/\/casino-bk-site54.top\/wp-json\/wp\/v2\/pages"}],"about":[{"href":"https:\/\/casino-bk-site54.top\/wp-json\/wp\/v2\/types\/page"}],"author":[{"embeddable":true,"href":"https:\/\/casino-bk-site54.top\/wp-json\/wp\/v2\/users\/1"}],"replies":[{"embeddable":true,"href":"https:\/\/casino-bk-site54.top\/wp-json\/wp\/v2\/comments?post=2214"}],"version-history":[{"count":1,"href":"https:\/\/casino-bk-site54.top\/wp-json\/wp\/v2\/pages\/2214\/revisions"}],"predecessor-version":[{"id":2215,"href":"https:\/\/casino-bk-site54.top\/wp-json\/wp\/v2\/pages\/2214\/revisions\/2215"}],"wp:attachment":[{"href":"https:\/\/casino-bk-site54.top\/wp-json\/wp\/v2\/media?parent=2214"}],"curies":[{"name":"wp","href":"https:\/\/api.w.org\/{rel}","templated":true}]}}